9
List the prime factors of 1143812107.
73, 15668659
List the prime factors of 1903949020.
2, 5, 95197451
What are the prime factors of 336983777?
13, 25921829
What are the prime factors of 519915179?
7, 71, 191, 5477
List the prime factors of 360155265.
3, 5, 24010351
What are the prime factors of 189813541?
227, 836183
What are the prime factors of 119509502?
2, 7, 499, 17107
List the prime factors of 100518041.
13, 739, 10463
List the prime factors of 724713837.
3, 2549, 94771
List the prime factors of 328223839.
328223839
What are the prime factors of 241443707?
17, 14202571
What are the prime factors of 8911050?
2, 3, 5, 59407
What are the prime factors of 50756431?
11, 4614221
What are the prime factors of 3888905818?
2, 7, 101, 2750287
What are the prime factors of 2785687437?
3, 13, 71427883
What are the prime factors of 94452900?
2, 3, 5, 359, 877
What are the prime factors of 49359075?
3, 5, 17, 38713
List the prime factors of 261012408.
2, 3, 43, 252919
What are the prime factors of 55658894?
2, 41, 678767
List the prime factors of 604107527.
19, 503, 63211
List the prime factors of 1190235066.
2, 3, 198372511
What are the prime factors of 115955073?
3, 13, 991069
List the prime factors of 3846201400.
2, 5, 1951, 9857
List the prime factors of 4449517515.
3, 5, 10986463
List the prime factors of 6080785629.
3, 2026928543
List the prime factors of 2797183554.
2, 3, 11, 42381569
What are the prime factors of 154910268?
2, 3, 19, 37, 6121
List the prime factors of 1997172476.
2, 13, 38407163
What are the prime factors of 134876691?
3, 17, 31, 9479
What are the prime factors of 35852769?
3, 3983641
What are the prime factors of 305141862?
2, 3, 19, 2676683
What are the prime factors of 10118850?
2, 3, 5, 7, 23, 419
What are the prime factors of 14962946?
2, 1601, 4673
What are the prime factors of 7179678?
2, 3, 11, 17, 79
List the prime factors of 3609812795.
5, 151, 419, 11411
List the prime factors of 468010.
2, 5, 17, 2753
What are the prime factors of 186352164?
2, 3, 17, 23, 1471
List the prime factors of 29023905.
3, 5, 31, 62417
List the prime factors of 156102384.
2, 3, 43, 53, 1427
What are the prime factors of 34948886?
2, 7, 29, 59, 1459
List the prime factors of 2502013456.
2, 113, 1383857
List the prime factors of 26676948.
2, 3, 2223079
List the prime factors of 1696832914.
2, 7, 121202351
What are the prime factors of 1293641979?
3, 7, 17, 73, 49639
List the prime factors of 748846697.
131, 5716387
What are the prime factors of 853829584?
2, 167, 319547
What are the prime factors of 61121521?
37, 1123, 1471
What are the prime factors of 635428029?
3, 2851, 74293
List the prime factors of 1199266412.
2, 167, 281, 6389
What are the prime factors of 9472769?
1619, 5851
List the prime factors of 71345425.
5, 23, 127, 977
List the prime factors of 586535015.
5, 11, 10664273
List the prime factors of 14132995.
5, 409, 6911
What are the prime factors of 5978519?
499, 11981
List the prime factors of 23840270.
2, 5, 41, 58147
List the prime factors of 3222532775.
5, 7, 11, 379, 631
List the prime factors of 61743228.
2, 3, 5145269
List the prime factors of 802892936.
2, 9391, 10687
What are the prime factors of 95879103?
3, 31959701
What are the prime factors of 1502570991?
3, 500856997
List the prime factors of 7122872843.
503, 2729, 5189
What are the prime factors of 2046200485?
5, 7, 58462871
List the prime factors of 181373098.
2, 79, 1147931
What are the prime factors of 136273922?
2, 68136961
List the prime factors of 446967336.
2, 3, 18623639
List the prime factors of 1881782074.
2, 11177, 84181
What are the prime factors of 514643690?
2, 5, 11, 19, 246241
What are the prime factors of 126429166?
2, 63214583
List the prime factors of 226088103.
3, 75362701
List the prime factors of 257570349.
3, 17, 103, 49033
What are the prime factors of 11707824?
2, 3, 149, 1637
What are the prime factors of 42438489?
3, 14146163
List the prime factors of 277448045.
5, 7, 157, 7213
List the prime factors of 107980611.
3, 43, 837059
What are the prime factors of 940597?
7, 134371
List the prime factors of 499083229.
17, 31, 947027
What are the prime factors of 73874898?
2, 3, 53, 211, 367
List the prime factors of 9123282.
2, 3, 7, 61, 1187
List the prime factors of 1504572738.
2, 3, 23, 10902701
What are the prime factors of 1209304817?
7, 6581, 26251
List the prime factors of 40469333.
17, 227, 10487
What are the prime factors of 1583174737?
1583174737
List the prime factors of 20870175.
3, 5, 278269
What are the prime factors of 26455935?
3, 5, 11, 109, 1471
What are the prime factors of 1905621206?
2, 41, 4013, 5791
What are the prime factors of 1513775953?
47, 32207999
What are the prime factors of 452549496?
2, 3, 7, 384821
List the prime factors of 15325354.
2, 11, 696607
List the prime factors of 16855590.
2, 3, 5, 53, 10601
What are the prime factors of 11837779?
19, 623041
What are the prime factors of 302386391?
47, 6433753
List the prime factors of 208907511.
3, 69635837
What are the prime factors of 48504843?
3, 5389427
List the prime factors of 103724974.
2, 51862487
What are the prime factors of 2807469384?
2, 3, 131, 937, 953
What are the prime factors of 393788604?
2, 3, 11, 19, 157013
What are the prime factors of 1109943910?
2, 5, 110994391
What are the prime factors of 457776086?
2, 61, 79, 47497
What are the prime factors of 158565556?
2, 101, 392489
What are the prime factors of 32641190?
2, 5, 17, 192007
List the prime factors of 2381395.
5, 476279
List the prime factors of 97218892.
2, 433, 56131
List the prime factors of 40171054.
2, 7, 11, 19, 13729
List the prime factors of 44389151.
61, 727691
What are the prime factors of 12904408?
2, 11, 13331
What are the prime factors of 3554743860?
2, 3, 5, 17, 387227
List the prime factors of 1329999777.
3, 17, 149, 19447
List the prime factors of 6383467573.
7, 47, 79, 449, 547
List the prime factors of 462396618.
2, 3, 25688701
What are the prime factors of 2286144251?
193, 11845307
What are the prime factors of 1309992727?
29, 45172163
List the prime factors of 265264153.
7, 11, 3444989
List the prime factors of 4642626.
2, 3, 433, 1787
List the prime factors of 12516235.
5, 71, 35257
What are the prime factors of 8826966004?
2, 83, 26587247
List the prime factors of 237321330.
2, 3, 5, 37, 47, 4549
List the prime factors of 77919969.
3, 19, 1367017
What are the prime factors of 137486535?
3, 5, 29, 113, 2797
List the prime factors of 7527824.
2, 470489
What are the prime factors of 108420594?
2, 3, 17, 1062947
List the prime factors of 99664826.
2, 49832413
What are the prime factors of 179845968?
2, 3, 3746791
List the prime factors of 244666061.
244666061
List the prime factors of 19245841.
19, 811, 1249
What are the prime factors of 1784873048?
2, 7, 23, 251, 5521
What are the prime factors of 207192878?
2, 23, 29, 155317
List the prime factors of 88115173.
149, 591377
What are the prime factors of 242927352?
2, 3, 71, 47521
List the prime factors of 49531722.
2, 3, 8255287
List the prime factors of 77223115.
5, 47, 347, 947
List the prime factors of 2762550099.
3, 17, 431, 41893
What are the prime factors of 1251721425?
3, 5, 19, 79, 11119
List the prime factors of 6768982.
2, 11, 83, 337
What are the prime factors of 55411351?
199, 307, 907
What are the prime factors of 42731907?
3, 23, 619303
List the prime factors of 6946716085.
5, 79, 17586623
What are the prime factors of 1231471522?
2, 615735761
List the prime factors of 38656908.
2, 3, 1073803
What are the prime factors of 41778534?
2, 3, 7, 23, 61, 709
List the prime factors of 14251463.
19, 750077
List the prime factors of 8744015650.
2, 5, 19, 71, 6823
What are the prime factors of 421262488?
2, 52657811
What are the prime factors of 98889704?
2, 41, 301493
List the prime factors of 144010798.
2, 72005399
What are the prime factors of 868358006?
2, 434179003
List the prime factors of 2877428717.
1439, 1999603
List the prime factors of 148481064.
2, 3, 43, 199, 241
What are the prime factors of 526828696?
2, 61, 577, 1871
List the prime factors of 1538588476.
2, 773, 497603
What are the prime factors of 275263484?
2, 593, 116047
What are the prime factors of 479100383?
37, 12948659
List the prime fa